{"id":2538,"date":"2024-10-09T16:56:05","date_gmt":"2024-10-09T14:56:05","guid":{"rendered":"https:\/\/www.marteling.lu\/?post_type=product&#038;p=2538"},"modified":"2026-02-05T21:16:56","modified_gmt":"2026-02-05T19:16:56","slug":"kalender-2025","status":"publish","type":"product","link":"https:\/\/www.marteling.lu\/?product=kalender-2025","title":{"rendered":"Kalender 2025"},"content":{"rendered":"<figure id=\"attachment_2561\" aria-describedby=\"caption-attachment-2561\" style=\"width: 300px\" class=\"wp-caption alignnone\"><img loading=\"lazy\" decoding=\"async\" class=\"wp-image-2561 size-medium\" src=\"https:\/\/www.marteling.lu\/wp-content\/uploads\/2024\/10\/Kalender1-1-300x200.jpg\" alt=\"\" width=\"300\" height=\"200\" srcset=\"https:\/\/www.marteling.lu\/wp-content\/uploads\/2024\/10\/Kalender1-1-300x200.jpg 300w, https:\/\/www.marteling.lu\/wp-content\/uploads\/2024\/10\/Kalender1-1.jpg 467w\" sizes=\"auto, (max-width: 300px) 100vw, 300px\" \/><figcaption id=\"caption-attachment-2561\" class=\"wp-caption-text\">Cover mit allen Fotos<\/figcaption><\/figure>\n<figure id=\"attachment_2552\" aria-describedby=\"caption-attachment-2552\" style=\"width: 200px\" class=\"wp-caption alignnone\"><img loading=\"lazy\" decoding=\"async\" class=\"wp-image-2552 size-medium\" src=\"https:\/\/www.marteling.lu\/wp-content\/uploads\/2024\/10\/Kalender2-200x300.jpg\" alt=\"\" width=\"200\" height=\"300\" srcset=\"https:\/\/www.marteling.lu\/wp-content\/uploads\/2024\/10\/Kalender2-200x300.jpg 200w, https:\/\/www.marteling.lu\/wp-content\/uploads\/2024\/10\/Kalender2.jpg 467w\" sizes=\"auto, (max-width: 200px) 100vw, 200px\" \/><figcaption id=\"caption-attachment-2552\" class=\"wp-caption-text\">Januar<\/figcaption><\/figure>\n<figure id=\"attachment_2551\" aria-describedby=\"caption-attachment-2551\" style=\"width: 200px\" class=\"wp-caption alignnone\"><img loading=\"lazy\" decoding=\"async\" class=\"wp-image-2551 size-medium\" src=\"https:\/\/www.marteling.lu\/wp-content\/uploads\/2024\/10\/Kalender3-200x300.jpg\" alt=\"\" width=\"200\" height=\"300\" srcset=\"https:\/\/www.marteling.lu\/wp-content\/uploads\/2024\/10\/Kalender3-200x300.jpg 200w, https:\/\/www.marteling.lu\/wp-content\/uploads\/2024\/10\/Kalender3.jpg 467w\" sizes=\"auto, (max-width: 200px) 100vw, 200px\" \/><figcaption id=\"caption-attachment-2551\" class=\"wp-caption-text\">Februar<\/figcaption><\/figure>\n<figure id=\"attachment_2550\" aria-describedby=\"caption-attachment-2550\" style=\"width: 200px\" class=\"wp-caption alignnone\"><img loading=\"lazy\" decoding=\"async\" class=\"wp-image-2550 size-medium\" src=\"https:\/\/www.marteling.lu\/wp-content\/uploads\/2024\/10\/Kalender4-200x300.jpg\" alt=\"\" width=\"200\" height=\"300\" srcset=\"https:\/\/www.marteling.lu\/wp-content\/uploads\/2024\/10\/Kalender4-200x300.jpg 200w, https:\/\/www.marteling.lu\/wp-content\/uploads\/2024\/10\/Kalender4.jpg 467w\" sizes=\"auto, (max-width: 200px) 100vw, 200px\" \/><figcaption id=\"caption-attachment-2550\" class=\"wp-caption-text\">M\u00e4rz<\/figcaption><\/figure>\n<p>&#8222;Der Kalender tr\u00e4gt zur Sensibilisierung f\u00fcr die Bedeutung der Biodiversit\u00e4t und den Schutz von Lebensr\u00e4umen in Luxemburg bei.&#8220;<\/p>\n<p>&#8222;Dieser Kalender pr\u00e4sentiert eine exklusive Auswahl an Fotos von Raupen, die in Luxemburg entdeckt wurden, und dokumentiert ihren faszinierenden Lebenszyklus.&#8220;<\/p>\n","protected":false},"excerpt":{"rendered":"<p>&#8222;Entdecke unseren einzigartigen Wandkalender 2025<br \/>\nf\u00fcr unvergessliche Momente in deinem Zuhause!&#8220;<br \/>\n&#8222;Exclusive Fotos, ein tolles Gechenk.&#8220; &hellip; <a href=\"https:\/\/www.marteling.lu\/?product=kalender-2025\" class=\"more-link\"><span>Continue reading<span class=\"screen-reader-text\">Kalender 2025<\/span><\/span><\/a><\/p>\n","protected":false},"featured_media":2561,"comment_status":"open","ping_status":"closed","template":"","meta":[],"product_brand":[],"product_cat":[104],"product_tag":[161,158,162],"class_list":{"0":"post-2538","1":"product","2":"type-product","3":"status-publish","4":"has-post-thumbnail","6":"product_cat-unkategorisiert","7":"product_tag-161","8":"product_tag-kalender","9":"product_tag-wandkalender","11":"first","12":"outofstock","13":"sale","14":"taxable","15":"shipping-taxable","16":"purchasable","17":"product-type-simple"},"yoast_head":"<!-- This site is optimized with the Yoast SEO plugin v25.4 - https:\/\/yoast.com\/wordpress\/plugins\/seo\/ -->\n<title>Kalender 2025 - Claudine Marteling Photography<\/title>\n<meta name=\"robots\" content=\"index, follow, max-snippet:-1, max-image-preview:large, max-video-preview:-1\" \/>\n<link rel=\"canonical\" href=\"https:\/\/www.marteling.lu\/?product=kalender-2025\" \/>\n<meta property=\"og:locale\" content=\"de_DE\" \/>\n<meta property=\"og:type\" content=\"article\" \/>\n<meta property=\"og:title\" content=\"Kalender 2025 - Claudine Marteling Photography\" \/>\n<meta property=\"og:description\" content=\"&quot;Entdecke unseren einzigartigen Wandkalender 2025 f\u00fcr unvergessliche Momente in deinem Zuhause!&quot; &quot;Exclusive Fotos, ein tolles Gechenk.&quot; &hellip; Continue readingKalender 2025\" \/>\n<meta property=\"og:url\" content=\"https:\/\/www.marteling.lu\/?product=kalender-2025\" \/>\n<meta property=\"og:site_name\" content=\"Claudine Marteling Photography\" \/>\n<meta property=\"article:publisher\" content=\"https:\/\/www.facebook.com\/www.photographybycloclo.eu\/\" \/>\n<meta property=\"article:modified_time\" content=\"2026-02-05T19:16:56+00:00\" \/>\n<meta property=\"og:image\" content=\"https:\/\/www.marteling.lu\/wp-content\/uploads\/2024\/10\/Kalender1-1.jpg\" \/>\n\t<meta property=\"og:image:width\" content=\"467\" \/>\n\t<meta property=\"og:image:height\" content=\"311\" \/>\n\t<meta property=\"og:image:type\" content=\"image\/jpeg\" \/>\n<meta name=\"twitter:card\" content=\"summary_large_image\" \/>\n<meta name=\"twitter:label1\" content=\"Gesch\u00e4tzte Lesezeit\" \/>\n\t<meta name=\"twitter:data1\" content=\"2\u00a0Minuten\" \/>\n<script type=\"application\/ld+json\" class=\"yoast-schema-graph\">{\"@context\":\"https:\/\/schema.org\",\"@graph\":[{\"@type\":\"WebPage\",\"@id\":\"https:\/\/www.marteling.lu\/?product=kalender-2025\",\"url\":\"https:\/\/www.marteling.lu\/?product=kalender-2025\",\"name\":\"Kalender 2025 - Claudine Marteling Photography\",\"isPartOf\":{\"@id\":\"https:\/\/www.marteling.lu\/#website\"},\"primaryImageOfPage\":{\"@id\":\"https:\/\/www.marteling.lu\/?product=kalender-2025#primaryimage\"},\"image\":{\"@id\":\"https:\/\/www.marteling.lu\/?product=kalender-2025#primaryimage\"},\"thumbnailUrl\":\"https:\/\/www.marteling.lu\/wp-content\/uploads\/2024\/10\/Kalender1-1.jpg\",\"datePublished\":\"2024-10-09T14:56:05+00:00\",\"dateModified\":\"2026-02-05T19:16:56+00:00\",\"breadcrumb\":{\"@id\":\"https:\/\/www.marteling.lu\/?product=kalender-2025#breadcrumb\"},\"inLanguage\":\"de\",\"potentialAction\":[{\"@type\":\"ReadAction\",\"target\":[\"https:\/\/www.marteling.lu\/?product=kalender-2025\"]}]},{\"@type\":\"ImageObject\",\"inLanguage\":\"de\",\"@id\":\"https:\/\/www.marteling.lu\/?product=kalender-2025#primaryimage\",\"url\":\"https:\/\/www.marteling.lu\/wp-content\/uploads\/2024\/10\/Kalender1-1.jpg\",\"contentUrl\":\"https:\/\/www.marteling.lu\/wp-content\/uploads\/2024\/10\/Kalender1-1.jpg\",\"width\":467,\"height\":311},{\"@type\":\"BreadcrumbList\",\"@id\":\"https:\/\/www.marteling.lu\/?product=kalender-2025#breadcrumb\",\"itemListElement\":[{\"@type\":\"ListItem\",\"position\":1,\"name\":\"Home\",\"item\":\"https:\/\/www.marteling.lu\/\"},{\"@type\":\"ListItem\",\"position\":2,\"name\":\"Kalender 2025\"}]},{\"@type\":\"WebSite\",\"@id\":\"https:\/\/www.marteling.lu\/#website\",\"url\":\"https:\/\/www.marteling.lu\/\",\"name\":\"Claudine Marteling Photography\",\"description\":\"Professsional Family Photography &amp; Macro Photography\",\"potentialAction\":[{\"@type\":\"SearchAction\",\"target\":{\"@type\":\"EntryPoint\",\"urlTemplate\":\"https:\/\/www.marteling.lu\/?s={search_term_string}\"},\"query-input\":{\"@type\":\"PropertyValueSpecification\",\"valueRequired\":true,\"valueName\":\"search_term_string\"}}],\"inLanguage\":\"de\"}]}<\/script>\n<!-- \/ Yoast SEO plugin. -->","yoast_head_json":{"title":"Kalender 2025 - Claudine Marteling Photography","robots":{"index":"index","follow":"follow","max-snippet":"max-snippet:-1","max-image-preview":"max-image-preview:large","max-video-preview":"max-video-preview:-1"},"canonical":"https:\/\/www.marteling.lu\/?product=kalender-2025","og_locale":"de_DE","og_type":"article","og_title":"Kalender 2025 - Claudine Marteling Photography","og_description":"\"Entdecke unseren einzigartigen Wandkalender 2025 f\u00fcr unvergessliche Momente in deinem Zuhause!\" \"Exclusive Fotos, ein tolles Gechenk.\" &hellip; Continue readingKalender 2025","og_url":"https:\/\/www.marteling.lu\/?product=kalender-2025","og_site_name":"Claudine Marteling Photography","article_publisher":"https:\/\/www.facebook.com\/www.photographybycloclo.eu\/","article_modified_time":"2026-02-05T19:16:56+00:00","og_image":[{"width":467,"height":311,"url":"https:\/\/www.marteling.lu\/wp-content\/uploads\/2024\/10\/Kalender1-1.jpg","type":"image\/jpeg"}],"twitter_card":"summary_large_image","twitter_misc":{"Gesch\u00e4tzte Lesezeit":"2\u00a0Minuten"},"schema":{"@context":"https:\/\/schema.org","@graph":[{"@type":"WebPage","@id":"https:\/\/www.marteling.lu\/?product=kalender-2025","url":"https:\/\/www.marteling.lu\/?product=kalender-2025","name":"Kalender 2025 - Claudine Marteling Photography","isPartOf":{"@id":"https:\/\/www.marteling.lu\/#website"},"primaryImageOfPage":{"@id":"https:\/\/www.marteling.lu\/?product=kalender-2025#primaryimage"},"image":{"@id":"https:\/\/www.marteling.lu\/?product=kalender-2025#primaryimage"},"thumbnailUrl":"https:\/\/www.marteling.lu\/wp-content\/uploads\/2024\/10\/Kalender1-1.jpg","datePublished":"2024-10-09T14:56:05+00:00","dateModified":"2026-02-05T19:16:56+00:00","breadcrumb":{"@id":"https:\/\/www.marteling.lu\/?product=kalender-2025#breadcrumb"},"inLanguage":"de","potentialAction":[{"@type":"ReadAction","target":["https:\/\/www.marteling.lu\/?product=kalender-2025"]}]},{"@type":"ImageObject","inLanguage":"de","@id":"https:\/\/www.marteling.lu\/?product=kalender-2025#primaryimage","url":"https:\/\/www.marteling.lu\/wp-content\/uploads\/2024\/10\/Kalender1-1.jpg","contentUrl":"https:\/\/www.marteling.lu\/wp-content\/uploads\/2024\/10\/Kalender1-1.jpg","width":467,"height":311},{"@type":"BreadcrumbList","@id":"https:\/\/www.marteling.lu\/?product=kalender-2025#breadcrumb","itemListElement":[{"@type":"ListItem","position":1,"name":"Home","item":"https:\/\/www.marteling.lu\/"},{"@type":"ListItem","position":2,"name":"Kalender 2025"}]},{"@type":"WebSite","@id":"https:\/\/www.marteling.lu\/#website","url":"https:\/\/www.marteling.lu\/","name":"Claudine Marteling Photography","description":"Professsional Family Photography &amp; Macro Photography","potentialAction":[{"@type":"SearchAction","target":{"@type":"EntryPoint","urlTemplate":"https:\/\/www.marteling.lu\/?s={search_term_string}"},"query-input":{"@type":"PropertyValueSpecification","valueRequired":true,"valueName":"search_term_string"}}],"inLanguage":"de"}]}},"_links":{"self":[{"href":"https:\/\/www.marteling.lu\/index.php?rest_route=\/wp\/v2\/product\/2538","targetHints":{"allow":["GET"]}}],"collection":[{"href":"https:\/\/www.marteling.lu\/index.php?rest_route=\/wp\/v2\/product"}],"about":[{"href":"https:\/\/www.marteling.lu\/index.php?rest_route=\/wp\/v2\/types\/product"}],"replies":[{"embeddable":true,"href":"https:\/\/www.marteling.lu\/index.php?rest_route=%2Fwp%2Fv2%2Fcomments&post=2538"}],"wp:featuredmedia":[{"embeddable":true,"href":"https:\/\/www.marteling.lu\/index.php?rest_route=\/wp\/v2\/media\/2561"}],"wp:attachment":[{"href":"https:\/\/www.marteling.lu\/index.php?rest_route=%2Fwp%2Fv2%2Fmedia&parent=2538"}],"wp:term":[{"taxonomy":"product_brand","embeddable":true,"href":"https:\/\/www.marteling.lu\/index.php?rest_route=%2Fwp%2Fv2%2Fproduct_brand&post=2538"},{"taxonomy":"product_cat","embeddable":true,"href":"https:\/\/www.marteling.lu\/index.php?rest_route=%2Fwp%2Fv2%2Fproduct_cat&post=2538"},{"taxonomy":"product_tag","embeddable":true,"href":"https:\/\/www.marteling.lu\/index.php?rest_route=%2Fwp%2Fv2%2Fproduct_tag&post=2538"}],"curies":[{"name":"wp","href":"https:\/\/api.w.org\/{rel}","templated":true}]}}