{"id":2591,"date":"2024-10-10T13:05:32","date_gmt":"2024-10-10T11:05:32","guid":{"rendered":"https:\/\/www.marteling.lu\/?page_id=2591"},"modified":"2024-10-10T13:05:33","modified_gmt":"2024-10-10T11:05:33","slug":"datenschutzerklaerung","status":"publish","type":"page","link":"https:\/\/www.marteling.lu\/?page_id=2591","title":{"rendered":"Datenschutzerkl\u00e4rung"},"content":{"rendered":"\n<p>Verantwortliche Stelle:<\/p>\n\n\n\n<p>Claudine Marteling<br>Gonderange<\/p>\n\n\n\n<p>Zwecke der Datenerhebung:<\/p>\n\n\n\n<p>Wir erheben personenbezogene Daten, um folgende Zwecke zu erf\u00fcllen:<br>Terminvereinbarungen<br>Durchf\u00fchrung von Fotoshootings<br>Erstellung und Versand von Rechnungen<br>Kundenkommunikation<\/p>\n\n\n\n<p>Rechtsgrundlage:<br>Die Verarbeitung Ihrer personenbezogenen Daten erfolgt auf Basis der folgenden Rechtsgrundlagen:<br>Einwilligung gem\u00e4\u00df Art. 6 Abs. 1 lit. a DSGVO<br>Erf\u00fcllung eines Vertrags gem\u00e4\u00df Art. 6 Abs. 1 lit. b DSGVO<\/p>\n\n\n\n<p>Datenweitergabe an Dritte:<br>Ihre personenbezogenen Daten werden nicht an Dritte weitergegeben, es sei denn,<br>dies ist zur Erf\u00fcllung des Vertrags erforderlich (z.B. an Druckereien f\u00fcr Fotoabz\u00fcge)<br>oder Sie haben ausdr\u00fccklich eingewilligt.<\/p>\n\n\n\n<p>Speicherdauer:<br>Wir speichern Ihre personenbezogenen Daten nur so lange, wie es f\u00fcr die oben genannten Zwecke<br>erforderlich ist oder gesetzliche Aufbewahrungsfristen bestehen.<\/p>\n\n\n\n<p>Datensicherheit:<br>Wir haben geeignete technische und organisatorische Ma\u00dfnahmen getroffen,<br>um Ihre personenbezogenen Daten vor Verlust, Diebstahl und unbefugtem Zugriff zu sch\u00fctzen.<\/p>\n\n\n\n<p>Rechte der Betroffenen:<br>Sie haben das Recht, jederzeit Auskunft \u00fcber die bei uns gespeicherten personenbezogenen Daten<br>zu erhalten. Zudem haben Sie das Recht auf Berichtigung, L\u00f6schung oder Einschr\u00e4nkung der<br>Verarbeitung Ihrer Daten sowie das Recht auf Daten\u00fcbertragbarkeit.<\/p>\n\n\n\n<p>Widerspruchsrecht:<br>Sie k\u00f6nnen jederzeit der Verarbeitung Ihrer personenbezogenen Daten widersprechen,<br>sofern diese auf Grundlage von Art. 6 Abs. 1 lit. e oder f DSGVO erfolgt.<\/p>\n\n\n\n<p>Beschwerderecht:<br>Sie haben das Recht, sich bei der zust\u00e4ndigen Aufsichtsbeh\u00f6rde zu beschweren, wenn Sie der Meinung sind,<br>dass Ihre Daten unrechtm\u00e4\u00dfig verarbeitet werden.<\/p>\n\n\n\n<p>\u00c4nderungen der Datenschutzerkl\u00e4rung:<br>Wir behalten uns vor, diese Datenschutzerkl\u00e4rung gelegentlich anzupassen,<br>um sie an die aktuellen rechtlichen Vorgaben oder \u00c4nderungen unserer Dienstleistungen anzupassen.<\/p>\n\n\n\n<p>Einwilligung:<br>Falls wir Ihre personenbezogenen Daten auf Grundlage Ihrer Einwilligung verarbeiten,<br>k\u00f6nnen Sie diese jederzeit mit Wirkung f\u00fcr die Zukunft widerrufen.<\/p>\n","protected":false},"excerpt":{"rendered":"<p>Verantwortliche Stelle: Claudine MartelingGonderange Zwecke der Datenerhebung: Wir erheben personenbezogene Daten, um folgende Zwecke zu erf\u00fcllen:TerminvereinbarungenDurchf\u00fchrung von FotoshootingsErstellung und Versand von RechnungenKundenkommunikation Rechtsgrundlage:Die Verarbeitung Ihrer personenbezogenen Daten erfolgt auf Basis der folgenden Rechtsgrundlagen:Einwilligung gem\u00e4\u00df Art. 6 Abs. 1 lit. a DSGVOErf\u00fcllung eines Vertrags gem\u00e4\u00df Art. &hellip; <a href=\"https:\/\/www.marteling.lu\/?page_id=2591\" class=\"more-link\"><span>Continue reading<span class=\"screen-reader-text\">Datenschutzerkl\u00e4rung<\/span><\/span><\/a><\/p>\n","protected":false},"author":1,"featured_media":0,"parent":0,"menu_order":0,"comment_status":"closed","ping_status":"closed","template":"","meta":{"footnotes":""},"class_list":["post-2591","page","type-page","status-publish","hentry"],"yoast_head":"<!-- This site is optimized with the Yoast SEO plugin v25.4 - https:\/\/yoast.com\/wordpress\/plugins\/seo\/ -->\n<title>Datenschutzerkl\u00e4rung - Claudine Marteling Photography<\/title>\n<meta name=\"robots\" content=\"index, follow, max-snippet:-1, max-image-preview:large, max-video-preview:-1\" \/>\n<link rel=\"canonical\" href=\"https:\/\/www.marteling.lu\/?page_id=2591\" \/>\n<meta property=\"og:locale\" content=\"de_DE\" \/>\n<meta property=\"og:type\" content=\"article\" \/>\n<meta property=\"og:title\" content=\"Datenschutzerkl\u00e4rung - Claudine Marteling Photography\" \/>\n<meta property=\"og:description\" content=\"Verantwortliche Stelle: Claudine MartelingGonderange Zwecke der Datenerhebung: Wir erheben personenbezogene Daten, um folgende Zwecke zu erf\u00fcllen:TerminvereinbarungenDurchf\u00fchrung von FotoshootingsErstellung und Versand von RechnungenKundenkommunikation Rechtsgrundlage:Die Verarbeitung Ihrer personenbezogenen Daten erfolgt auf Basis der folgenden Rechtsgrundlagen:Einwilligung gem\u00e4\u00df Art. 6 Abs. 1 lit. a DSGVOErf\u00fcllung eines Vertrags gem\u00e4\u00df Art. &hellip; Continue readingDatenschutzerkl\u00e4rung\" \/>\n<meta property=\"og:url\" content=\"https:\/\/www.marteling.lu\/?page_id=2591\" \/>\n<meta property=\"og:site_name\" content=\"Claudine Marteling Photography\" \/>\n<meta property=\"article:publisher\" content=\"https:\/\/www.facebook.com\/www.photographybycloclo.eu\/\" \/>\n<meta property=\"article:modified_time\" content=\"2024-10-10T11:05:33+00:00\" \/>\n<meta name=\"twitter:card\" content=\"summary_large_image\" \/>\n<meta name=\"twitter:label1\" content=\"Gesch\u00e4tzte Lesezeit\" \/>\n\t<meta name=\"twitter:data1\" content=\"2\u00a0Minuten\" \/>\n<script type=\"application\/ld+json\" class=\"yoast-schema-graph\">{\"@context\":\"https:\/\/schema.org\",\"@graph\":[{\"@type\":\"WebPage\",\"@id\":\"https:\/\/www.marteling.lu\/?page_id=2591\",\"url\":\"https:\/\/www.marteling.lu\/?page_id=2591\",\"name\":\"Datenschutzerkl\u00e4rung - Claudine Marteling Photography\",\"isPartOf\":{\"@id\":\"https:\/\/www.marteling.lu\/#website\"},\"datePublished\":\"2024-10-10T11:05:32+00:00\",\"dateModified\":\"2024-10-10T11:05:33+00:00\",\"breadcrumb\":{\"@id\":\"https:\/\/www.marteling.lu\/?page_id=2591#breadcrumb\"},\"inLanguage\":\"de\",\"potentialAction\":[{\"@type\":\"ReadAction\",\"target\":[\"https:\/\/www.marteling.lu\/?page_id=2591\"]}]},{\"@type\":\"BreadcrumbList\",\"@id\":\"https:\/\/www.marteling.lu\/?page_id=2591#breadcrumb\",\"itemListElement\":[{\"@type\":\"ListItem\",\"position\":1,\"name\":\"Home\",\"item\":\"https:\/\/www.marteling.lu\/\"},{\"@type\":\"ListItem\",\"position\":2,\"name\":\"Datenschutzerkl\u00e4rung\"}]},{\"@type\":\"WebSite\",\"@id\":\"https:\/\/www.marteling.lu\/#website\",\"url\":\"https:\/\/www.marteling.lu\/\",\"name\":\"Claudine Marteling Photography\",\"description\":\"Professsional Family Photography &amp; Macro Photography\",\"potentialAction\":[{\"@type\":\"SearchAction\",\"target\":{\"@type\":\"EntryPoint\",\"urlTemplate\":\"https:\/\/www.marteling.lu\/?s={search_term_string}\"},\"query-input\":{\"@type\":\"PropertyValueSpecification\",\"valueRequired\":true,\"valueName\":\"search_term_string\"}}],\"inLanguage\":\"de\"}]}<\/script>\n<!-- \/ Yoast SEO plugin. -->","yoast_head_json":{"title":"Datenschutzerkl\u00e4rung - Claudine Marteling Photography","robots":{"index":"index","follow":"follow","max-snippet":"max-snippet:-1","max-image-preview":"max-image-preview:large","max-video-preview":"max-video-preview:-1"},"canonical":"https:\/\/www.marteling.lu\/?page_id=2591","og_locale":"de_DE","og_type":"article","og_title":"Datenschutzerkl\u00e4rung - Claudine Marteling Photography","og_description":"Verantwortliche Stelle: Claudine MartelingGonderange Zwecke der Datenerhebung: Wir erheben personenbezogene Daten, um folgende Zwecke zu erf\u00fcllen:TerminvereinbarungenDurchf\u00fchrung von FotoshootingsErstellung und Versand von RechnungenKundenkommunikation Rechtsgrundlage:Die Verarbeitung Ihrer personenbezogenen Daten erfolgt auf Basis der folgenden Rechtsgrundlagen:Einwilligung gem\u00e4\u00df Art. 6 Abs. 1 lit. a DSGVOErf\u00fcllung eines Vertrags gem\u00e4\u00df Art. &hellip; Continue readingDatenschutzerkl\u00e4rung","og_url":"https:\/\/www.marteling.lu\/?page_id=2591","og_site_name":"Claudine Marteling Photography","article_publisher":"https:\/\/www.facebook.com\/www.photographybycloclo.eu\/","article_modified_time":"2024-10-10T11:05:33+00:00","twitter_card":"summary_large_image","twitter_misc":{"Gesch\u00e4tzte Lesezeit":"2\u00a0Minuten"},"schema":{"@context":"https:\/\/schema.org","@graph":[{"@type":"WebPage","@id":"https:\/\/www.marteling.lu\/?page_id=2591","url":"https:\/\/www.marteling.lu\/?page_id=2591","name":"Datenschutzerkl\u00e4rung - Claudine Marteling Photography","isPartOf":{"@id":"https:\/\/www.marteling.lu\/#website"},"datePublished":"2024-10-10T11:05:32+00:00","dateModified":"2024-10-10T11:05:33+00:00","breadcrumb":{"@id":"https:\/\/www.marteling.lu\/?page_id=2591#breadcrumb"},"inLanguage":"de","potentialAction":[{"@type":"ReadAction","target":["https:\/\/www.marteling.lu\/?page_id=2591"]}]},{"@type":"BreadcrumbList","@id":"https:\/\/www.marteling.lu\/?page_id=2591#breadcrumb","itemListElement":[{"@type":"ListItem","position":1,"name":"Home","item":"https:\/\/www.marteling.lu\/"},{"@type":"ListItem","position":2,"name":"Datenschutzerkl\u00e4rung"}]},{"@type":"WebSite","@id":"https:\/\/www.marteling.lu\/#website","url":"https:\/\/www.marteling.lu\/","name":"Claudine Marteling Photography","description":"Professsional Family Photography &amp; Macro Photography","potentialAction":[{"@type":"SearchAction","target":{"@type":"EntryPoint","urlTemplate":"https:\/\/www.marteling.lu\/?s={search_term_string}"},"query-input":{"@type":"PropertyValueSpecification","valueRequired":true,"valueName":"search_term_string"}}],"inLanguage":"de"}]}},"_links":{"self":[{"href":"https:\/\/www.marteling.lu\/index.php?rest_route=\/wp\/v2\/pages\/2591","targetHints":{"allow":["GET"]}}],"collection":[{"href":"https:\/\/www.marteling.lu\/index.php?rest_route=\/wp\/v2\/pages"}],"about":[{"href":"https:\/\/www.marteling.lu\/index.php?rest_route=\/wp\/v2\/types\/page"}],"author":[{"embeddable":true,"href":"https:\/\/www.marteling.lu\/index.php?rest_route=\/wp\/v2\/users\/1"}],"replies":[{"embeddable":true,"href":"https:\/\/www.marteling.lu\/index.php?rest_route=%2Fwp%2Fv2%2Fcomments&post=2591"}],"version-history":[{"count":1,"href":"https:\/\/www.marteling.lu\/index.php?rest_route=\/wp\/v2\/pages\/2591\/revisions"}],"predecessor-version":[{"id":2593,"href":"https:\/\/www.marteling.lu\/index.php?rest_route=\/wp\/v2\/pages\/2591\/revisions\/2593"}],"wp:attachment":[{"href":"https:\/\/www.marteling.lu\/index.php?rest_route=%2Fwp%2Fv2%2Fmedia&parent=2591"}],"curies":[{"name":"wp","href":"https:\/\/api.w.org\/{rel}","templated":true}]}}